{"id":165,"date":"2020-11-08T20:35:13","date_gmt":"2020-11-08T20:35:13","guid":{"rendered":"https:\/\/actu-peche.fr\/?page_id=165"},"modified":"2020-11-13T21:57:43","modified_gmt":"2020-11-13T21:57:43","slug":"catalogue-hart-2021","status":"publish","type":"page","link":"https:\/\/actu-peche.fr\/?page_id=165","title":{"rendered":"Catalogue Hart 2021 Fran\u00e7ais"},"content":{"rendered":"\n<div class=\"wp-block-pdf-viewer-block-standard\" style=\"text-align:center\"><div class=\"uploaded-pdf\"><a href=\"https:\/\/actu-peche.fr\/wp-content\/uploads\/2020\/11\/Catalogue_Hart_2021.pdf\" data-width=\"\" data-height=\"\"><\/a><\/div><\/div>\n\n\n\n<p>Depuis l&rsquo;an 1990 HART a r\u00eav\u00e9 &#8230; invent\u00e9 &#8230; pour obtenir le roseau parfait, les app\u00e2ts plus l\u00e9tale. L&rsquo;illusion, la non-conformit\u00e9 et le travail des meilleurs professionnels ont abouti ce r\u00eave devenu r\u00e9alit\u00e9.<\/p>\n\n\n\n<p>Le Team HART na\u00eet d&rsquo;un groupe de p\u00eacheurs qu&rsquo;ont commenc\u00e9 a r\u00eaver de cr\u00e9er leurs propres app\u00e2ts, qui ne se contente pas de ce qui existait, mais qui \u00e1 d\u00e9cid\u00e9 de mettre tous leurs efforts pour atteindre ce qu&rsquo;ils imaginaient. Cet esprit innovateur, rebelle, est derri\u00e8re chaque d\u00e9veloppement.<\/p>\n\n\n\n<p>Actuellement, HART compte avec un \u00e9quipe international de professionnels qui cherchent, inventent et con\u00e7oivent les produits avec lesquels, eux-m\u00eames autant que p\u00eacheurs, voudraient faire la p\u00eache. Un \u00e9troit r\u00e9seau de collaboration entre fanatiques de la p\u00eache, est l&rsquo;\u00e2me de la marque et permet \u00e1 HART continuer \u00e1 innover et d\u00e9velopper le meilleur \u00e9quipement de p\u00eache. HART signifie passion, cela signifie mettre tout le c\u0153ur sur chaque projet. C\u2019est une fa\u00e7on de comprendre la vie et la p\u00eache &#8230; Tous les membres de l&rsquo;\u00e9quipe partagent le m\u00eame sentiment: FIERT\u00c9. La fiert\u00e9 d\u2019\u00eatre partie de HART.<\/p>\n","protected":false},"excerpt":{"rendered":"<p>Depuis l&rsquo;an 1990 HART a r\u00eav\u00e9 &#8230; invent\u00e9 &#8230; pour obtenir le roseau parfait, les app\u00e2ts plus l\u00e9tale. L&rsquo;illusion, la non-conformit\u00e9 et le travail des meilleurs professionnels ont abouti ce r\u00eave devenu r\u00e9alit\u00e9. Le Team HART na\u00eet d&rsquo;un groupe de p\u00eacheurs qu&rsquo;ont commenc\u00e9 a r\u00eaver de cr\u00e9er leurs propres app\u00e2ts, qui ne se contente pas &hellip; <\/p>\n","protected":false},"author":1,"featured_media":0,"parent":0,"menu_order":0,"comment_status":"open","ping_status":"closed","template":"","meta":[],"_links":{"self":[{"href":"https:\/\/actu-peche.fr\/index.php?rest_route=\/wp\/v2\/pages\/165"}],"collection":[{"href":"https:\/\/actu-peche.fr\/index.php?rest_route=\/wp\/v2\/pages"}],"about":[{"href":"https:\/\/actu-peche.fr\/index.php?rest_route=\/wp\/v2\/types\/page"}],"author":[{"embeddable":true,"href":"https:\/\/actu-peche.fr\/index.php?rest_route=\/wp\/v2\/users\/1"}],"replies":[{"embeddable":true,"href":"https:\/\/actu-peche.fr\/index.php?rest_route=%2Fwp%2Fv2%2Fcomments&post=165"}],"version-history":[{"count":3,"href":"https:\/\/actu-peche.fr\/index.php?rest_route=\/wp\/v2\/pages\/165\/revisions"}],"predecessor-version":[{"id":195,"href":"https:\/\/actu-peche.fr\/index.php?rest_route=\/wp\/v2\/pages\/165\/revisions\/195"}],"wp:attachment":[{"href":"https:\/\/actu-peche.fr\/index.php?rest_route=%2Fwp%2Fv2%2Fmedia&parent=165"}],"curies":[{"name":"wp","href":"https:\/\/api.w.org\/{rel}","templated":true}]}}