{"id":174,"date":"2020-11-09T20:54:36","date_gmt":"2020-11-09T20:54:36","guid":{"rendered":"https:\/\/actu-peche.fr\/?page_id=174"},"modified":"2020-11-13T21:58:14","modified_gmt":"2020-11-13T21:58:14","slug":"catalogue-magic-trout-2021","status":"publish","type":"page","link":"https:\/\/actu-peche.fr\/?page_id=174","title":{"rendered":"Catalogue Magic Trout 2021 Fran\u00e7ais"},"content":{"rendered":"\n<div class=\"wp-block-pdf-viewer-block-standard\" style=\"text-align:center\"><div class=\"uploaded-pdf\"><a href=\"https:\/\/actu-peche.fr\/wp-content\/uploads\/2020\/11\/Magic_Trout_Fishing_2021.pdf\" data-width=\"\" data-height=\"\"><\/a><\/div><\/div>\n\n\n\n<p>Lorsque l\u2019innovation r\u00e9pond \u00e0 une technologie tr\u00e8s avanc\u00e9e et une conception parfaite pour la p\u00eache moderne de la truite, c\u2019est justement ce qu\u2019incarne la gamme Magic Trout ! Nous ne restons pas bloqu\u00e9s sur des grands classiques un peu d\u00e9mod\u00e9s. Nous pr\u00e9f\u00e9rons d\u00e9velopper des  Nouveaux produits en faisant des tests sur l\u2019eau afin de penser au moindre<br>petit d\u00e9tail ! Magic Trout \u2013 l\u2019art moderne de la p\u00eache de la truite.<\/p>\n","protected":false},"excerpt":{"rendered":"<p>Lorsque l\u2019innovation r\u00e9pond \u00e0 une technologie tr\u00e8s avanc\u00e9e et une conception parfaite pour la p\u00eache moderne de la truite, c\u2019est justement ce qu\u2019incarne la gamme Magic Trout ! Nous ne restons pas bloqu\u00e9s sur des grands classiques un peu d\u00e9mod\u00e9s. Nous pr\u00e9f\u00e9rons d\u00e9velopper des Nouveaux produits en faisant des tests sur l\u2019eau afin de penser &hellip; <\/p>\n","protected":false},"author":1,"featured_media":0,"parent":0,"menu_order":0,"comment_status":"open","ping_status":"closed","template":"","meta":[],"_links":{"self":[{"href":"https:\/\/actu-peche.fr\/index.php?rest_route=\/wp\/v2\/pages\/174"}],"collection":[{"href":"https:\/\/actu-peche.fr\/index.php?rest_route=\/wp\/v2\/pages"}],"about":[{"href":"https:\/\/actu-peche.fr\/index.php?rest_route=\/wp\/v2\/types\/page"}],"author":[{"embeddable":true,"href":"https:\/\/actu-peche.fr\/index.php?rest_route=\/wp\/v2\/users\/1"}],"replies":[{"embeddable":true,"href":"https:\/\/actu-peche.fr\/index.php?rest_route=%2Fwp%2Fv2%2Fcomments&post=174"}],"version-history":[{"count":2,"href":"https:\/\/actu-peche.fr\/index.php?rest_route=\/wp\/v2\/pages\/174\/revisions"}],"predecessor-version":[{"id":188,"href":"https:\/\/actu-peche.fr\/index.php?rest_route=\/wp\/v2\/pages\/174\/revisions\/188"}],"wp:attachment":[{"href":"https:\/\/actu-peche.fr\/index.php?rest_route=%2Fwp%2Fv2%2Fmedia&parent=174"}],"curies":[{"name":"wp","href":"https:\/\/api.w.org\/{rel}","templated":true}]}}