{"id":196,"date":"2020-11-11T08:04:52","date_gmt":"2020-11-11T08:04:52","guid":{"rendered":"https:\/\/actu-peche.fr\/?page_id=196"},"modified":"2020-11-13T21:59:19","modified_gmt":"2020-11-13T21:59:19","slug":"catalogue-powerline-2021-francais","status":"publish","type":"page","link":"https:\/\/actu-peche.fr\/?page_id=196","title":{"rendered":"Catalogue Powerline 2021 Fran\u00e7ais"},"content":{"rendered":"\n<iframe id=\"inlineFrameExample\" title=\"Inline Frame Example\" width=\"1200\" height=\"800\" src=\"https:\/\/fr.calameo.com\/read\/005775625c1a115796b44?page=1\">\n<\/iframe>\n\n\n\n<h3>FABRICATION FRAN\u00c7AISE<\/h3>\n\n\n\n<p>Depuis 2014 sous sa marque \u00abJIGPOWER\u00bb STB POWERLINE s\u2019est \u00e9galement fait une r\u00e9elle place sur le march\u00e9 des t\u00eates plomb\u00e9es, notamment en proposant des mod\u00e8les totalement novateurs et avant-gardistes, con\u00e7us sp\u00e9cialement pour s\u2019adapter aux nouvelles techniques de p\u00eache. Toujours dans une politique de d\u00e9veloppement et de diversification, l\u2019entreprise int\u00e8gre une toute nouvelle gamme de produits dans son catalogue : les leurres souples by JIGPOWER, production 100% fran\u00e7aise.<\/p>\n\n\n\n<div class=\"wp-block-image\"><figure class=\"alignleft\"><img src=\"https:\/\/www.powerline.fr\/wp-content\/uploads\/2018\/01\/fabrication-francaise-materiel-de-peche.png\" alt=\"\" class=\"wp-image-72\"\/><\/figure><\/div>\n\n\n\n<h3>INNOVATION ET QUALIT\u00c9<\/h3>\n\n\n\n<p>Notre objectif n\u2019est autre que de proposer des produits techniques et avant-gardistes afin de constamment faire \u00e9voluer la p\u00eache et r\u00e9pondre aux nouvelles techniques et besoins des p\u00eacheurs.<\/p>\n\n\n\n<p>Offrir des produits de qualit\u00e9 fait partie de nos priorit\u00e9s principales. Aussi en 2010 nous avons tout naturellement sign\u00e9 la Charte Eftta par laquelle nous nous engageons \u00e0 respecter les marquages en termes de r\u00e9sistance et diam\u00e8tre de fil sur tous nos \u00e9tiquetages.<\/p>\n\n\n\n<div class=\"wp-block-image\"><figure class=\"alignleft\"><img src=\"https:\/\/www.powerline.fr\/wp-content\/uploads\/2018\/01\/innovation-qualite-materiel-de-peche.png\" alt=\"\" class=\"wp-image-94\"\/><\/figure><\/div>\n\n\n\n<h3>FLUORO CARBON<\/h3>\n\n\n\n<p><\/p>\n\n\n\n<p>Produit vendu depuis 20 ans, dont STB POWERLINE \u00e9tais la premi\u00e8re \u00e0 pr\u00e9senter sur le march\u00e9 fran\u00e7ais. Un produit 100% d\u2019origine Japonais qui s\u2019adapte \u00e0 toutes les p\u00eaches. Le meilleur pour vos bas de ligne.<\/p>\n","protected":false},"excerpt":{"rendered":"<p>FABRICATION FRAN\u00c7AISE Depuis 2014 sous sa marque \u00abJIGPOWER\u00bb STB POWERLINE s\u2019est \u00e9galement fait une r\u00e9elle place sur le march\u00e9 des t\u00eates plomb\u00e9es, notamment en proposant des mod\u00e8les totalement novateurs et avant-gardistes, con\u00e7us sp\u00e9cialement pour s\u2019adapter aux nouvelles techniques de p\u00eache. Toujours dans une politique de d\u00e9veloppement et de diversification, l\u2019entreprise int\u00e8gre une toute nouvelle gamme &hellip; <\/p>\n","protected":false},"author":1,"featured_media":0,"parent":0,"menu_order":0,"comment_status":"open","ping_status":"closed","template":"","meta":[],"_links":{"self":[{"href":"https:\/\/actu-peche.fr\/index.php?rest_route=\/wp\/v2\/pages\/196"}],"collection":[{"href":"https:\/\/actu-peche.fr\/index.php?rest_route=\/wp\/v2\/pages"}],"about":[{"href":"https:\/\/actu-peche.fr\/index.php?rest_route=\/wp\/v2\/types\/page"}],"author":[{"embeddable":true,"href":"https:\/\/actu-peche.fr\/index.php?rest_route=\/wp\/v2\/users\/1"}],"replies":[{"embeddable":true,"href":"https:\/\/actu-peche.fr\/index.php?rest_route=%2Fwp%2Fv2%2Fcomments&post=196"}],"version-history":[{"count":1,"href":"https:\/\/actu-peche.fr\/index.php?rest_route=\/wp\/v2\/pages\/196\/revisions"}],"predecessor-version":[{"id":197,"href":"https:\/\/actu-peche.fr\/index.php?rest_route=\/wp\/v2\/pages\/196\/revisions\/197"}],"wp:attachment":[{"href":"https:\/\/actu-peche.fr\/index.php?rest_route=%2Fwp%2Fv2%2Fmedia&parent=196"}],"curies":[{"name":"wp","href":"https:\/\/api.w.org\/{rel}","templated":true}]}}