{"id":198,"date":"2020-11-11T08:50:26","date_gmt":"2020-11-11T08:50:26","guid":{"rendered":"https:\/\/actu-peche.fr\/?page_id=198"},"modified":"2020-11-13T21:59:50","modified_gmt":"2020-11-13T21:59:50","slug":"catalogue-quantum-2021-francais","status":"publish","type":"page","link":"https:\/\/actu-peche.fr\/?page_id=198","title":{"rendered":"Catalogue Quantum 2021 fran\u00e7ais"},"content":{"rendered":"\n<div class=\"wp-block-pdf-viewer-block-standard\" style=\"text-align:center\"><div class=\"uploaded-pdf\"><a href=\"https:\/\/actu-peche.fr\/wp-content\/uploads\/2020\/11\/Catalogue_Quantum_2021.pdf\" data-width=\"\" data-height=\"\"><\/a><\/div><\/div>\n\n\n\n<p>Nous vivons la p\u00eache comme une passion ! Parce que notre mani\u00e8re de p\u00eacher et le<br>mat\u00e9riel que nous utilisons nous importent tout autant que le poisson recherch\u00e9, nous<br>nous consacrons toujours \u00e0 100% \u00e0 notre discipline favorite. Puisqu\u2019un \u00e9quipement<br>polyvalent ne nous convient que rarement, Quantum nous propose le<br>meilleur mat\u00e9riel de p\u00eache sp\u00e9cialis\u00e9.<\/p>\n","protected":false},"excerpt":{"rendered":"<p>Nous vivons la p\u00eache comme une passion ! Parce que notre mani\u00e8re de p\u00eacher et lemat\u00e9riel que nous utilisons nous importent tout autant que le poisson recherch\u00e9, nousnous consacrons toujours \u00e0 100% \u00e0 notre discipline favorite. Puisqu\u2019un \u00e9quipementpolyvalent ne nous convient que rarement, Quantum nous propose lemeilleur mat\u00e9riel de p\u00eache sp\u00e9cialis\u00e9.<\/p>\n","protected":false},"author":1,"featured_media":0,"parent":0,"menu_order":0,"comment_status":"open","ping_status":"closed","template":"","meta":[],"_links":{"self":[{"href":"https:\/\/actu-peche.fr\/index.php?rest_route=\/wp\/v2\/pages\/198"}],"collection":[{"href":"https:\/\/actu-peche.fr\/index.php?rest_route=\/wp\/v2\/pages"}],"about":[{"href":"https:\/\/actu-peche.fr\/index.php?rest_route=\/wp\/v2\/types\/page"}],"author":[{"embeddable":true,"href":"https:\/\/actu-peche.fr\/index.php?rest_route=\/wp\/v2\/users\/1"}],"replies":[{"embeddable":true,"href":"https:\/\/actu-peche.fr\/index.php?rest_route=%2Fwp%2Fv2%2Fcomments&post=198"}],"version-history":[{"count":1,"href":"https:\/\/actu-peche.fr\/index.php?rest_route=\/wp\/v2\/pages\/198\/revisions"}],"predecessor-version":[{"id":200,"href":"https:\/\/actu-peche.fr\/index.php?rest_route=\/wp\/v2\/pages\/198\/revisions\/200"}],"wp:attachment":[{"href":"https:\/\/actu-peche.fr\/index.php?rest_route=%2Fwp%2Fv2%2Fmedia&parent=198"}],"curies":[{"name":"wp","href":"https:\/\/api.w.org\/{rel}","templated":true}]}}