{"id":279,"date":"2020-11-13T20:42:43","date_gmt":"2020-11-13T20:42:43","guid":{"rendered":"https:\/\/actu-peche.fr\/?page_id=279"},"modified":"2020-11-13T21:54:59","modified_gmt":"2020-11-13T21:54:59","slug":"carpe-au-coup-peche-en-carpodrome-avec-gerard-trinquier","status":"publish","type":"page","link":"https:\/\/actu-peche.fr\/?page_id=279","title":{"rendered":"Carpe au Coup &#8211; P\u00eache en Carpodrome avec G\u00e9rard Trinquier"},"content":{"rendered":"\n<p>Carpe au Coup &#8211; P\u00eache en Carpodrome avec G\u00e9rard Trinquier<\/p>\n\n\n\n<p> La p\u00eache de la carpe au coup est en plein essor. Comment l&rsquo;aborder simplement?&nbsp;Strat\u00e9gies &#8211; Trucs &amp; Astuces avec le ma\u00eetre en la mati\u00e8re : G\u00e9rard Trinquier! Nous retrouvons aujourd&rsquo;hui G\u00e9rard Trinquier \u00e0 Haims pr\u00e8s de Montmorillon dans le d\u00e9partement de la Vienne (86). G\u00e9rard est un p\u00eacheur extraordinaire, polyvalent et \u00e0 l&rsquo;aff\u00fbt des nouvelles \u00e9volutions pour la p\u00eache. Ainsi, il fut vraiment l&rsquo;initiateur en France de la traque des carpes et des tr\u00e8s gros poissons avec les techniques de p\u00eache au&nbsp; coup il y a d\u00e9j\u00e0 20 ans. Suivons G\u00e9rard, nous d\u00e9livrer \u00e0 travers cette vid\u00e9o tous ses conseils qui vous garantirons de bien beaux poissons. Le terme \u00ab\u00a0carpodrome\u00a0\u00bb d\u00e9signe un \u00e9tang empoissonn\u00e9&nbsp;majoritairement ou totalement en carpes.&nbsp; D\u00e9roulement chronologique de la vid\u00e9o. Pr\u00e9sentation Installation Mat\u00e9riel&nbsp; &#8211; Canne &#8211; kits &#8211; \u00e9lastiques Les lignes, le sondage et analyse du fond Mat\u00e9riel pour l&rsquo;amor\u00e7age, app\u00e2ts et stat\u00e9gies D\u00e9but de la p\u00eache &#8211; Action de p\u00eache Compl\u00e9ment sur la p\u00eache de la carpe \u00e0 la p\u00e2te Astuces en cours de p\u00eache Derniers poissons &#8211; Bilan de la p\u00eache<\/p>\n\n\n\n<figure class=\"wp-block-embed-youtube aligncenter wp-block-embed is-type-video is-provider-youtube wp-embed-aspect-16-9 wp-has-aspect-ratio\"><div class=\"wp-block-embed__wrapper\">\n<iframe title=\"Carpe au Coup - P\u00eache en Carpodrome avec G\u00e9rard Trinquier - Netpeche Magazine 05\" width=\"790\" height=\"444\" src=\"https:\/\/www.youtube.com\/embed\/71z9q_fTFeE?feature=oembed\" frameborder=\"0\" allow=\"accelerometer; autoplay; clipboard-write; encrypted-media; gyroscope; picture-in-picture\" allowfullscreen><\/iframe>\n<\/div><\/figure>\n","protected":false},"excerpt":{"rendered":"<p>Carpe au Coup &#8211; P\u00eache en Carpodrome avec G\u00e9rard Trinquier La p\u00eache de la carpe au coup est en plein essor. Comment l&rsquo;aborder simplement?&nbsp;Strat\u00e9gies &#8211; Trucs &amp; Astuces avec le ma\u00eetre en la mati\u00e8re : G\u00e9rard Trinquier! Nous retrouvons aujourd&rsquo;hui G\u00e9rard Trinquier \u00e0 Haims pr\u00e8s de Montmorillon dans le d\u00e9partement de la Vienne (86). G\u00e9rard &hellip; <\/p>\n","protected":false},"author":1,"featured_media":0,"parent":0,"menu_order":0,"comment_status":"open","ping_status":"closed","template":"","meta":[],"_links":{"self":[{"href":"https:\/\/actu-peche.fr\/index.php?rest_route=\/wp\/v2\/pages\/279"}],"collection":[{"href":"https:\/\/actu-peche.fr\/index.php?rest_route=\/wp\/v2\/pages"}],"about":[{"href":"https:\/\/actu-peche.fr\/index.php?rest_route=\/wp\/v2\/types\/page"}],"author":[{"embeddable":true,"href":"https:\/\/actu-peche.fr\/index.php?rest_route=\/wp\/v2\/users\/1"}],"replies":[{"embeddable":true,"href":"https:\/\/actu-peche.fr\/index.php?rest_route=%2Fwp%2Fv2%2Fcomments&post=279"}],"version-history":[{"count":2,"href":"https:\/\/actu-peche.fr\/index.php?rest_route=\/wp\/v2\/pages\/279\/revisions"}],"predecessor-version":[{"id":292,"href":"https:\/\/actu-peche.fr\/index.php?rest_route=\/wp\/v2\/pages\/279\/revisions\/292"}],"wp:attachment":[{"href":"https:\/\/actu-peche.fr\/index.php?rest_route=%2Fwp%2Fv2%2Fmedia&parent=279"}],"curies":[{"name":"wp","href":"https:\/\/api.w.org\/{rel}","templated":true}]}}