{"id":50,"date":"2020-11-07T16:22:04","date_gmt":"2020-11-07T16:22:04","guid":{"rendered":"https:\/\/actu-peche.fr\/?page_id=50"},"modified":"2020-11-07T17:55:54","modified_gmt":"2020-11-07T17:55:54","slug":"peche-au-coup","status":"publish","type":"page","link":"https:\/\/actu-peche.fr\/?page_id=50","title":{"rendered":"Coup"},"content":{"rendered":"\n<p>P\u00eache au coup g\u00e9n\u00e9raliste<\/p>\n\n\n\n<p><strong>Carpe au Coup &#8211; P\u00eache en Carpodrome avec G\u00e9rard Trinquier<\/strong><\/p>\n\n\n\n<p><strong>P\u00eache au Coup en \u00e9tang &#8211; Gros Gardons &#8211; Trucs, Astuces, Amorce et Montage de ligne &#8211; Julien Turpin<\/strong><\/p>\n","protected":false},"excerpt":{"rendered":"<p>P\u00eache au coup g\u00e9n\u00e9raliste Carpe au Coup &#8211; P\u00eache en Carpodrome avec G\u00e9rard Trinquier P\u00eache au Coup en \u00e9tang &#8211; Gros Gardons &#8211; Trucs, Astuces, Amorce et Montage de ligne &#8211; Julien Turpin<\/p>\n","protected":false},"author":1,"featured_media":0,"parent":0,"menu_order":0,"comment_status":"closed","ping_status":"closed","template":"","meta":[],"_links":{"self":[{"href":"https:\/\/actu-peche.fr\/index.php?rest_route=\/wp\/v2\/pages\/50"}],"collection":[{"href":"https:\/\/actu-peche.fr\/index.php?rest_route=\/wp\/v2\/pages"}],"about":[{"href":"https:\/\/actu-peche.fr\/index.php?rest_route=\/wp\/v2\/types\/page"}],"author":[{"embeddable":true,"href":"https:\/\/actu-peche.fr\/index.php?rest_route=\/wp\/v2\/users\/1"}],"replies":[{"embeddable":true,"href":"https:\/\/actu-peche.fr\/index.php?rest_route=%2Fwp%2Fv2%2Fcomments&post=50"}],"version-history":[{"count":3,"href":"https:\/\/actu-peche.fr\/index.php?rest_route=\/wp\/v2\/pages\/50\/revisions"}],"predecessor-version":[{"id":69,"href":"https:\/\/actu-peche.fr\/index.php?rest_route=\/wp\/v2\/pages\/50\/revisions\/69"}],"wp:attachment":[{"href":"https:\/\/actu-peche.fr\/index.php?rest_route=%2Fwp%2Fv2%2Fmedia&parent=50"}],"curies":[{"name":"wp","href":"https:\/\/api.w.org\/{rel}","templated":true}]}}